3 - 437. What are the prime factors of j?
2, 3, 71
Let w = 53 + -60. Let p = w - -87. List the prime factors of p.
2, 5
Let q(w) = 17*w - 26. Let h be q(6). Let r = h - 34. What are the prime factors of r?
2, 3, 7
Let l be (6/(-15))/((-3)/1635*1). Suppose 2*h = 9*o - 13*o + l, 5*o - h - 290 = 0. List the prime factors of o.
3, 19
Suppose 3*c - 1989 = -3*k, 0 = 11*k - 9*k - 10. What are the prime factors of c?
2, 7, 47
Suppose 0 = 10*v - 40 - 0. Suppose q = -2*o + 161, 0 = v*o - 3*q - 188 - 159. What are the prime factors of o?
83
Let t be 14/2 - 32/8. Let r = t - -104. List the prime factors of r.
107
Let g(q) = 2*q - 18 + 52 + 1. Suppose 3 = -z - 3*h, 4*h = -3*z - 2 - 2. List the prime factors of g(z).
5, 7
Let k(v) = 4*v**3 + v**2 - 3*v + 1. Let w = 281 - 191. Let q be w/(-36)*4/(-5). List the prime factors of k(q).
31
Let s(f) = -14*f + 6 - 16 + 2. What are the prime factors of s(-15)?
2, 101
List the prime factors of -2*(-9)/(-63) + 25545/7.
41, 89
Let l = 303 - 213. Suppose -7*o + 11*o - 8 = 0, -3*g = o - 164. Suppose 3*z + b - g = 0, -5*z - 5*b + l = -3*b. What are the prime factors of z?
2, 3
Suppose 0 = -4*c - 4*j - 156, -j - 117 = 3*c + 3*j. What are the prime factors of 4/(-1) - -2 - (c - 14)?
3, 17
Let i be -2*1 + 9 + -1. Let s be (-13)/(-78) - (-23)/i. Suppose 0 = -s*h - 0*v + v + 101, 2*h = -5*v + 45. List the prime factors of h.
5
Let n = -3559 - -7403. What are the prime factors of n?
2, 31
Suppose 14*t - 22688 = -2*t. What are the prime factors of t?
2, 709
Let i be (0 - -2) + -12 + 5. Let h(b) = b**3 + 7*b**2 - 4*b - 5. Let a be h(i). Let o = -32 + a. List the prime factors of o.
3, 11
Let k = 56 + -55. What are the prime factors of 0/k - (-180 + (-7 - -8))?
179
Let j be 2/12 + 2020/120. Suppose -j*h = -11*h - 54. What are the prime factors of h?
3
Let n be 24/(-10)*(-23 - -3). Let i = -23 + n. Suppose 0 = -t + i + 14. What are the prime factors of t?
3, 13
Let u = 440 - 52. What are the prime factors of u?
2, 97
Suppose -r = r - 2. Let k(v) = 1 + 8*v + 12*v**2 + 9 + v**3 - 2*v**2 - r. List the prime factors of k(-9).
2, 3
Let h = 31 - 25. Suppose 0*z = z - h. List the prime factors of z.
2, 3
Let k(i) = 59*i - 39. List the prime factors of k(4).
197
Suppose 2*c + 2*p = 58, 0 = -2*c - 4*p - 13 + 81. Suppose 4*v = 4*t - 88, -2*t + t - v + c = 0. Let y = t - 14. List the prime factors of y.
3
Suppose 0 = -5*c - 11 + 36, r + c = 5. Let u(z) = -z**3 - 2*z**2 + 40. What are the prime factors of u(r)?
2, 5
List the prime factors of (-198)/(-4)*30/(-25)*-30.
2, 3, 11
Suppose -1639 = -9*x + 251. Let f = x - 90. List the prime factors of f.
2, 3, 5
Suppose 5*f = 3*t - 4187, -2*t + 4*f = 331 - 3123. What are the prime factors of t?
2, 17, 41
What are the prime factors of 782/69*3/2?
17
Suppose 2*s + 4*q + 24 = -2*s, -4*s - 28 = 5*q. Let n(o) = -2 - 7*o + 1 + 2 - 2. What are the prime factors of n(s)?
13
Let g be (3 + -2)*0/5. Suppose c - 4 = 5*z, 4*c + g*z = z + 16. Suppose 2*v = -c*y + 36, -109 - 29 = -5*v + 2*y. List the prime factors of v.
2, 13
Let n(u) = 241*u - 117. List the prime factors of n(7).
2, 5, 157
Suppose 5*w - p - 25 = 0, -4*w + 5*p = 21 - 62. List the prime factors of 62/((-2)/(-40)*w).
2, 5, 31
Let d = 1067 - 18. What are the prime factors of d?
1049
Let m(t) = 2*t - 5. Let n be m(5). Suppose -3*y - y = 0, -n*d + y - 50 = 0. What are the prime factors of (-2)/d + (-438)/(-10)?
2, 11
Suppose 3*v - y + 50 = -3*y, -5*v - 81 = y. Let i = -3 - v. What are the prime factors of i?
13
Let i(d) = 45*d**2 + 2*d. Let h be i(6). Suppose -j + 9*j = h. What are the prime factors of j?
2, 3, 17
Let z = 237 - -177. Suppose -4*j = 3*k - 32 - z, 542 = 5*j - 4*k. What are the prime factors of j?
2, 5, 11
Suppose -i = -t - 544, 2*t + 770 = -5*i + 3483. What are the prime factors of i?
3, 181
Let g(r) = -56*r - 563. List the prime factors of g(-40).
3, 13, 43
Let l(z) = 2*z**2 - 3*z - 3. Let g be l(3). Suppose g*y - 3*y = 336. What are the prime factors of y?
2, 7
Suppose -12 = -6*q + 3*q - 3*t, -4*t = -3*q - 16. Suppose 7*h = w + 4*h - 60, -3*w + 5*h + 184 = q. What are the prime factors of w?
3, 7
Suppose -6*v = -0*v - 24. Suppose v*m - m + 4*u = 79, 3*u + 6 = 0. List the prime factors of m.
29
Suppose z + 0*z - 3 = 0. Let w be ((-4)/6)/(z/(-9)). What are the prime factors of (4 - -6)/(1/w)?
2, 5
Suppose -6*l - 5667 = -9*l. List the prime factors of l.
1889
Let s(z) = -z**2 - 15*z + 16. Let o be s(-11). Let r = 90 + o. List the prime factors of r.
2, 3, 5
Let i = -18 - -15. Let g(t) = 2*t**2 + 3*t - 3. Let j be g(i). Suppose -11*x + j*x + 60 = 0. List the prime factors of x.
2, 3
Let u be 3/(5 + -4) + (1 - -23). Suppose u*c - 24*c = 228. What are the prime factors of c?
2, 19
Let p(s) be the first derivative of s**4/4 + s**3/3 - s**2 - 3*s - 3. Let i be p(-2). List the prime factors of (-1)/(i + 250/85).
17
Suppose 5*o - 4*o - 21 = 0. Let d = o + -25. What are the prime factors of -37*(3 + (-8 - d))?
37
Let b = 25 + -27. List the prime factors of b/(-4)*2*123.
3, 41
Suppose 0 = -2*o + 7*o - 430. Suppose g + 0*g = s + o, -s = 5*g - 406. List the prime factors of g.
2, 41
Let q(u) = -u**3 + 39*u**2 + 18*u - 97. What are the prime factors of q(39)?
5, 11
Let k = -11 - -11. Suppose 0 = 2*a - 3*u + 32, k = -2*a - 2*u - 3*u - 64. Let n = 24 - a. What are the prime factors of n?
2, 23
Let v(q) be the second derivative of q**5/20 + 5*q**4/6 + q**3/2 - 3*q**2 + 14*q. Let g be v(-6). Let j = -62 + g. What are the prime factors of j?
2, 29
Let w(o) = -o**2 + 26*o - 1. Let v be w(18). Suppose -58 - 136 = -4*j - z, 3*j - v = -2*z. List the prime factors of j.
7
Let m = -21 + 24. Suppose -f - 3*j + 6 = 0, -22 = -m*f - 3*j - 2*j. List the prime factors of f.
3
Let i(y) = 6*y - 5. Let h be (-4)/(-16) + 26/(-8). Let l be -1*(-1 + 1 + h). List the prime factors of i(l).
13
Suppose -m + 1 = 3*y, 4*y = -0*y - 4. Let f be 44*m/8 + -3. Suppose -5*a + 166 = -f. What are the prime factors of a?
37
Suppose -1 = -5*l + 4*n + 8, 3 = 2*l - n. List the prime factors of -2 + l + 130/5.
5
Let c = -94 + 146. Suppose 4*d - c = -2*o, -3*o + d + 127 = 28. Suppose -4*l + 7*l = -2*z + 28, -3*l + o = z. What are the prime factors of l?
2, 3
Let z(y) be the second derivative of 0 - 2*y + 5/6*y**3 + 3/2*y**2. What are the prime factors of z(2)?
13
List the prime factors of (24/21)/((-1)/(-7)) - -6238.
2, 3, 347
Let d(z) = 6*z**2 + 2*z - 2. Let i be (-6)/(-8)*(1 + 3). What are the prime factors of d(i)?
2, 29
Let t = 1729 - 419. What are the prime factors of t?
2, 5, 131
Let q = 15 + -74. Let p = -42 - q. List the prime factors of p.
17
Let i(r) = 2*r**2 - 4*r. Let t be i(3). Let h(u) = 5 - u**2 + 0 + 0*u - t*u - 4*u. What are the prime factors of h(-8)?
3, 7
Let g(p) = -p**2 + 4*p. Let v be g(3). Suppose -12 = 2*m + v*n, -4*n - 16 = 4*m + m. Suppose 2*z = m, -s - z + 22 = -8. List the prime factors of s.
2, 3, 5
Let m be 263 + (-28)/(-4) + -2. Suppose 0 = -4*v - 2*a + m, -29 = 5*a - 9. List the prime factors of v.
3, 23
Suppose -144 = 5*t - 44. Let w = 61 - 32. Let j = w + t. What are the prime factors of j?
3
Suppose 183*j = 186*j - 753. List the prime factors of j.
251
Suppose 0 = 13*u + 3*u - 22704. List the prime factors of u.
3, 11, 43
Let a = -28 + 32. Suppose a*p + 20 = 4*c, -5*c + 2*p - 5*p + 65 = 0. List the prime factors of c.
2, 5
Let c = 3027 + -659. List the prime factors of c.
2, 37
Let q(f) = 2*f**3 - f**2 + 5*f - 6. Let w be q(4). Let c = w - 36. List the prime factors of c.
2, 3, 5
Suppose 12 = 6*v - 2*v. Suppose a - 5*y - 103 = -24, -v*y = 4*a - 270. What are the prime factors of a?
3, 23
Let b(c) = 2*c**2 + 4*c - 1. Let h(f) = -3 + 8*f**2 + f**3 - 2*f - 5*f**2 + 0*f**3. Let x be h(-3). What are the prime factors of b(x)?
29
Let o(p) = -p**2 + p + 1. Let m be o(3). Suppose 3*l = l - 26. List the prime factors of l/m - (-3)/(-5).
2
Suppose 385 = 4*w - 19. Suppose -w = -2*a + 209. What are the prime factors of a?
5, 31
Let o(m) = 5*m - 7. Let r(u) = -25*u + 34. Let q = 4 - 2. Let l(z) = q*r(z) + 11*o(z). List the prime factors of l(13).
2, 7
Suppose 0 = 7*j - 4*j - 12. Suppose 0 = -j*w + 3*n + 12, 0 = -3*w - 3*n + 2 + 7. What are the prime factors of -100*((-3)/2)/w?
2, 5
Let m = -60 - -73. Suppose m*z - 606 = 10*z. What are the prime factors of z?
2, 101